f 6020?
True
Does 13 divide 2743?
True
Is 47 a factor of 430?
False
Is 12 a factor of 19143?
False
Is 28083 a multiple of 33?
True
Is 3 a factor of 165?
True
Is 15 a factor of 1800?
True
Is 260 a multiple of 10?
True
Is 190 a factor of 6804?
False
Does 8 divide 8248?
True
Is 10 a factor of 242?
False
Is 60 a factor of 56199?
False
Is 20808 a multiple of 6?
True
Is 90 a factor of 19093?
False
Is 35396 a multiple of 120?
False
Does 33 divide 5313?
True
Is 4876 a multiple of 212?
True
Does 4 divide 68?
True
Is 18 a factor of 3780?
True
Is 7 a factor of 160?
False
Does 23 divide 2531?
False
Is 17353 a multiple of 259?
True
Is 29 a multiple of 2?
False
Is 2800 a multiple of 7?
True
Is 497 a multiple of 7?
True
Does 11 divide 2860?
True
Is 12 a factor of 132?
True
Does 21 divide 945?
True
Is 9 a factor of 52776?
True
Is 314 a multiple of 14?
False
Is 9720 a multiple of 90?
True
Is 8131 a multiple of 75?
False
Is 21310 a multiple of 20?
False
Is 35 a factor of 2905?
True
Does 9 divide 304?
False
Does 114 divide 17670?
True
Is 789 a multiple of 24?
False
Does 208 divide 1872?
True
Does 9 divide 177?
False
Is 1276 a multiple of 44?
True
Is 16 a factor of 14544?
True
Does 13 divide 1391?
True
Does 9 divide 9799?
False
Does 76 divide 300?
False
Is 4848 a multiple of 48?
True
Is 968 a multiple of 6?
False
Does 20 divide 3408?
False
Is 3422 a multiple of 59?
True
Does 192 divide 5952?
True
Does 26 divide 1124?
False
Does 6 divide 2634?
True
Is 14812 a multiple of 7?
True
Does 23 divide 4738?
True
Is 124 a multiple of 3?
False
Does 7 divide 665?
True
Is 2214 a multiple of 89?
False
Is 20979 a multiple of 3?
True
Is 19 a factor of 247?
True
Does 23 divide 3062?
False
Is 8 a factor of 856?
True
Does 23 divide 1281?
False
Is 45 a factor of 970?
False
Is 17 a factor of 901?
True
Does 22 divide 6784?
False
Does 5 divide 14226?
False
Does 14 divide 76678?
True
Does 9 divide 4239?
True
Is 8 a factor of 5028?
False
Does 41 divide 28865?
False
Does 14 divide 1904?
True
Is 31 a factor of 42625?
True
Does 20 divide 48977?
False
Is 16946 a multiple of 135?
False
Is 45668 a multiple of 196?
True
Does 16 divide 10592?
True
Does 29 divide 775?
False
Is 14040 a multiple of 18?
True
Does 11 divide 517?
True
Is 181 a multiple of 30?
False
Is 3084 a multiple of 21?
False
Is 243 a multiple of 3?
True
Does 36 divide 2248?
False
Is 6 a factor of 17064?
True
Does 2 divide 1961?
False
Is 16 a factor of 432?
True
Does 262 divide 44920?
False
Is 25800 a multiple of 40?
True
Is 1493 a multiple of 16?
False
Is 11 a factor of 363?
True
Is 1465 a multiple of 61?
False
Is 997 a multiple of 30?
False
Is 21 a factor of 137?
False
Does 5 divide 5011?
False
Is 73 a factor of 23871?
True
Is 38 a factor of 1900?
True
Does 25 divide 1625?
True
Does 27 divide 4495?
False
Is 3 a factor of 10286?
False
Does 119 divide 73423?
True
Is 14 a factor of 434?
True
Is 1486 a multiple of 16?
False
Is 4905 a multiple of 17?
False
Is 102 a factor of 23868?
True
Is 98 a factor of 2051?
False
Does 4 divide 2692?
True
Does 7 divide 9162?
False
Does 111 divide 2534?
False
Is 12 a factor of 3639?
False
Does 12 divide 6490?
False
Does 4 divide 1573?
False
Does 5 divide 2980?
True
Is 325 a multiple of 25?
True
Is 1426 a multiple of 46?
True
Does 15 divide 2055?
True
Is 600 a multiple of 20?
True
Does 8 divide 135?
False
Is 26 a factor of 429?
False
Is 131 a factor of 6318?
False
Is 1584 a multiple of 4?
True
Is 25 a factor of 100?
True
Is 153 a multiple of 7?
False
Is 5 a factor of 305?
True
Is 867 a multiple of 30?
False
Does 33 divide 17127?
True
Is 25127 a multiple of 14?
False
Is 13590 a multiple of 45?
True
Does 5 divide 3512?
False
Does 156 divide 58390?
False
Is 14 a factor of 88592?
True
Is 6 a factor of 1330?
False
Is 3463 a multiple of 16?
False
Is 1632 a multiple of 14?
False
Does 38 divide 789?
False
Is 18 a factor of 2311?
False
Is 72 a factor of 1872?
True
Is 852 a multiple of 7?
False
Is 233 a factor of 10485?
True
Is 362 a factor of 101722?
True
Does 56 divide 903?
False
Does 47 divide 74584?
False
Is 989 a multiple of 19?
False
Is 152 a factor of 16099?
False
Is 5 a factor of 314?
False
Is 1830 a multiple of 61?
True
Is 37 a factor of 3386?
False
Does 20 divide 480?
True
Is 55 a factor of 3025?
True
Does 2 divide 118?
True
Is 23 a factor of 101?
False
Does 2 divide 142?
True
Is 212 a multiple of 53?
True
Does 41 divide 20078?
False
Does 31 divide 21781?
False
Does 14 divide 3206?
True
Is 4 a factor of 111?
False
Does 74 divide 417?
False
Is 116 a factor of 34220?
True
Is 13248 a multiple of 12?
True
Is 2 a factor of 96?
True
Is 1495 a multiple of 2?
False
Is 2 a factor of 13872?
True
Is 21 a factor of 31185?
True
Does 122 divide 4718?
False
Does 13 divide 1817?
False
Is 8138 a multiple of 15?
False
Is 5 a factor of 5047?
False
Is 485 a multiple of 37?
False
Is 19 a factor of 12844?
True
Is 5841 a multiple of 13?
False
Is 14418 a multiple of 81?
True
Is 24 a factor of 177?
False
Is 8 a factor of 296?
True
Is 8 a factor of 119?
False
Is 2034 a multiple of 113?
True
Is 6 a factor of 164?
False
Is 28 a factor of 31698?
False
Is 17568 a multiple of 61?
True
Is 12 a factor of 132?
True
Does 20 divide 2780?
True
Is 12 a factor of 1102?
False
Does 69 divide 6003?
True
Is 928 a multiple of 29?
True
Is 15 a factor of 977?
False
Is 6 a factor of 4506?
True
Is 27 a factor of 454?
False
Is 8 a factor of 873?
False
Does 34 divide 306?
True
Does 26 divide 15735?
False
Is 6 a multiple of 3?
True
Does 8 divide 599?
False
Is 5915 a multiple of 35?
True
Is 184 a factor of 12536?
False
Is 1696 a multiple of 8?
True
Is 26 a factor of 891?
False
Is 26 a factor of 44495?
False
Is 17616 a multiple of 16?
True
Is 18 a factor of 111?
False
Is 116 a factor of 9258?
False
Does 13 divide 6293?
False
Is 8334 a multiple of 5?
False
Is 214 a factor of 11724?
False
Is 22 a multiple of 2?
True
Is 22 a factor of 3651?
False
Is 4 a factor of 915?
False
Does 79 divide 1208?
False
Is 4 a factor of 528?
True
Is 2 a factor of 113?
False
Does 33 divide 85701?
True
Is 69 a factor of 915?
False
Does 17 divide 256?
False
Does 6 divide 4256?
False
Is 119 a factor of 1750?
False
Is 11 a factor of 627?
True
Does 21 divide 2318?
False
Is 4218 a multiple of 19?
True
Is 1700 a multiple of 25?
True
Is 380 a multiple of 19?
True
Does 301 divide 13508?
False
Is 12692 a multiple of 28?
False
Is 4 a factor of 5987?
False
Is 80 a factor of 966?
False
Is 96 a factor of 3978?
False
Is 6503 a multiple of 102?
False
Is 8 a factor of 539?
False
Does 6 divide 18452?
False
Does 4 divide 208?
True
Is 246 a factor of 124476?
True
Does 9 divide 864?
True
Is 355 a multiple of 6?
False
Is 35 a factor of 31955?
True
Is 16 a factor of 186032?
True
Is 12 a factor of 92669?
False
Is 1110 a multiple of 15?
True
Is 1285 a multiple of 16?
False
Is 51 a factor of 11628?
True
Does 15 divide 375?
True
Does 77 divide 40348?
True
Is 1470 a multiple of 57?
False
Does 3 divide 4644?
True
Is 12 a factor of 32546?
False
Does 13 divide 1162?
False
Is 1490 a multiple of 5?
True
Is 1191 a multiple of 126?
False
Does 28 divide 644?
True
Does 44 divide 1188?
True
Is 50 a factor of 124?
False
Is 25 a factor of 5208?
False
Is 21 a factor of 11802?
True
Is 7627 a multiple of 92?
False
Does 21 divide 1911?
True
Is 860 a multiple of 20?
True
Is 15 a factor of 19347?
False
Does 12 divide 11847?
False
Does 20 divide 3137?
False
Does 17 divide 1207?
True
Is 49 a factor of 5439?
True
Is 5982 a multiple of 3?
True
Is 11 a factor of 11378?
False
Is 558 a multiple of 4?
False
Is 7 a factor of 299?
False
Is 34 a factor of 9964?
False
Is 5 a factor of 11?
False
Is 106607 a multiple of 53?
False
Is 25864 a multiple of 61?
True
Does 16 divide 6256?
True
Is 2190 a multiple of 174?
False
Is 13 a factor of 390?
True
Is 1218 a multiple of 13?
False
Is 2678 a multiple of 23?
False
Is 17 a factor of 272?
True
Is 44 a factor of 15076?
False
Is 4 a factor of 637?
False
Is 17050 a multiple of 55?
True
Does 36 divide 3816?
True
Is 17815 a multiple of 30?
False
Does 120 divide 2640?
True
Is 53405 a multiple of 186?
False
Is 4224 a multiple of 8?
True
Is 2 a factor of 1042?
True
Does 77 divide 25025?
True
Is 34 a factor of 173?
False
Does 104 divide 6552?
True
Does 9 divide 37287?
True
Is 8 a factor of 3472?